{"id":150,"date":"2022-03-02T13:40:51","date_gmt":"2022-03-02T12:40:51","guid":{"rendered":"http:\/\/localhost:8080\/lesepinglees\/?page_id=150"},"modified":"2024-12-09T16:37:44","modified_gmt":"2024-12-09T15:37:44","slug":"cours-en-association","status":"publish","type":"page","link":"https:\/\/lesepinglees.fr\/index.php\/cours-en-association\/","title":{"rendered":"Cours en association"},"content":{"rendered":"\n<p class=\"has-text-align-center\" style=\"font-size:30px;letter-spacing:5px;text-transform:uppercase\"><strong>PLOUAY<\/strong><\/p>\n\n\n\n<p class=\"has-text-align-center has-medium-font-size\" style=\"letter-spacing:5px;text-transform:uppercase\"><strong>Adulte &#8211; F<strong>amilles Rurales<\/strong><\/strong> <strong><strong>&#8211; tous niveaux &#8211; Jeudi soir<\/strong><\/strong><\/p>\n\n\n\n<p>Retrouvez moi en cours sur Plouay dans les locaux de l&rsquo;association Familles Rurales.<\/p>\n\n\n\n<p>Inscription \u00e0 l&rsquo;ann\u00e9e avec 5 s\u00e9ances de 2h par trimestre (15 s\u00e9ances par an soit 30 heures de cours de couture). Cours limit\u00e9 \u00e0 7 personnes. De 19h15 \u00e0 21h15<\/p>\n\n\n\n<p>Plus d&rsquo;information sur le site de <a href=\"https:\/\/www.famillesrurales.org\/plouay\/72\/nouveau-atelier-les-epinglees-couture-cours-du-soir-avec-professionnelle-19h30-21h30\" target=\"_blank\" rel=\"noreferrer noopener\">Familles Rurales<\/a><\/p>\n\n\n\n<p class=\"has-text-align-center\"><\/p>\n\n\n\n<p class=\"has-text-align-center\"><em>Pour l&rsquo;ann\u00e9e 2024\/2025<\/em><\/p>\n\n\n\n<figure class=\"wp-block-table\"><table><tbody><tr><td class=\"has-text-align-center\" data-align=\"center\"><strong>1er trimestre<\/strong><\/td><td class=\"has-text-align-center\" data-align=\"center\"><strong>2e trimestre<\/strong><\/td><td class=\"has-text-align-center\" data-align=\"center\"><strong>3e trimestre<\/strong><\/td><\/tr><tr><td class=\"has-text-align-center\" data-align=\"center\">26 septembre<\/td><td class=\"has-text-align-center\" data-align=\"center\">19 d\u00e9cembre<\/td><td class=\"has-text-align-center\" data-align=\"center\">27 mars<\/td><\/tr><tr><td class=\"has-text-align-center\" data-align=\"center\">10 octobre<\/td><td class=\"has-text-align-center\" data-align=\"center\">16 janvier<\/td><td class=\"has-text-align-center\" data-align=\"center\">24 avril<\/td><\/tr><tr><td class=\"has-text-align-center\" data-align=\"center\">7 novembre<\/td><td class=\"has-text-align-center\" data-align=\"center\">30 janvier<\/td><td class=\"has-text-align-center\" data-align=\"center\">22 mai<\/td><\/tr><tr><td class=\"has-text-align-center\" data-align=\"center\">21 novembre<\/td><td class=\"has-text-align-center\" data-align=\"center\">27 f\u00e9vrier<\/td><td class=\"has-text-align-center\" data-align=\"center\">12 juin<\/td><\/tr><tr><td class=\"has-text-align-center\" data-align=\"center\">5 d\u00e9cembre<\/td><td class=\"has-text-align-center\" data-align=\"center\">13 mars<\/td><td class=\"has-text-align-center\" data-align=\"center\">26 juin<\/td><\/tr><\/tbody><\/table><\/figure>\n\n\n\n<p><strong>Pour l&rsquo;ann\u00e9e 2024-2025, ce cours est complet<\/strong><\/p>\n\n\n\n<div style=\"height:67px\" aria-hidden=\"true\" class=\"wp-block-spacer\"><\/div>\n\n\n<div class=\"wp-block-image\">\n<figure class=\"aligncenter size-full\"><img loading=\"lazy\" decoding=\"async\" width=\"390\" height=\"4\" src=\"https:\/\/lesepinglees.fr\/wp-content\/uploads\/2022\/08\/Ligne-pointille.png\" alt=\"\" class=\"wp-image-638\" srcset=\"https:\/\/lesepinglees.fr\/wp-content\/uploads\/2022\/08\/Ligne-pointille.png 390w, https:\/\/lesepinglees.fr\/wp-content\/uploads\/2022\/08\/Ligne-pointille-300x3.png 300w, https:\/\/lesepinglees.fr\/wp-content\/uploads\/2022\/08\/Ligne-pointille-330x4.png 330w, https:\/\/lesepinglees.fr\/wp-content\/uploads\/2022\/08\/Ligne-pointille-280x4.png 280w, https:\/\/lesepinglees.fr\/wp-content\/uploads\/2022\/08\/Ligne-pointille-370x4.png 370w\" sizes=\"auto, (max-width: 390px) 100vw, 390px\" \/><\/figure><\/div>\n\n\n<p class=\"has-text-align-center\" style=\"font-size:30px;letter-spacing:5px;text-transform:uppercase\"><strong>LARMOR PLAGE<\/strong><\/p>\n\n\n\n<p class=\"has-text-align-center has-medium-font-size\" style=\"letter-spacing:5px;text-transform:uppercase\"><strong>ADulte &#8211; amicale la\u00cfque<\/strong> <strong><strong>&#8211; tous niveaux &#8211; Jeudi soir<\/strong><\/strong><\/p>\n\n\n\n<p>Retrouvez moi le jeudi soir de 19h \u00e0 21h15, une semaine sur deux. <\/p>\n\n\n\n<p>Inscription \u00e0 l&rsquo;ann\u00e9e avec 5 s\u00e9ances de 2h15 par trimestre (15 s\u00e9ances par an).<\/p>\n\n\n\n<p> Plus d&rsquo;information sur le site de <a href=\"https:\/\/www.al-larmorplage.com\/activites\/arts-culture\/#couture\">l&rsquo;Amicale La\u00efque<\/a><\/p>\n\n\n\n<p class=\"has-text-align-center\"><em>Pour l&rsquo;ann\u00e9e 2024\/2025<\/em><\/p>\n\n\n\n<figure class=\"wp-block-table\"><table><tbody><tr><td class=\"has-text-align-center\" data-align=\"center\"><strong>1er trimestre<\/strong><\/td><td class=\"has-text-align-center\" data-align=\"center\"><strong>2e trimestre<\/strong><\/td><td class=\"has-text-align-center\" data-align=\"center\"><strong>3e trimestre<\/strong><\/td><\/tr><tr><td class=\"has-text-align-center\" data-align=\"center\">12 septembre<\/td><td class=\"has-text-align-center\" data-align=\"center\">12 d\u00e9cembre<\/td><td class=\"has-text-align-center\" data-align=\"center\">20 mars<\/td><\/tr><tr><td class=\"has-text-align-center\" data-align=\"center\">3 octobre<\/td><td class=\"has-text-align-center\" data-align=\"center\">9 janvier<\/td><td class=\"has-text-align-center\" data-align=\"center\">3 avril<\/td><\/tr><tr><td class=\"has-text-align-center\" data-align=\"center\">17 octobre<\/td><td class=\"has-text-align-center\" data-align=\"center\">23 janvier<\/td><td class=\"has-text-align-center\" data-align=\"center\">15 mai<\/td><\/tr><tr><td class=\"has-text-align-center\" data-align=\"center\">14 novembre<\/td><td class=\"has-text-align-center\" data-align=\"center\">6 f\u00e9vrier<\/td><td class=\"has-text-align-center\" data-align=\"center\">5 juin<\/td><\/tr><tr><td class=\"has-text-align-center\" data-align=\"center\">28 novembre<\/td><td class=\"has-text-align-center\" data-align=\"center\">6 mars<\/td><td class=\"has-text-align-center\" data-align=\"center\">19 juin<\/td><\/tr><\/tbody><\/table><\/figure>\n\n\n\n<p><strong>Pour l&rsquo;ann\u00e9e 2024-2025, ce cours est complet<\/strong><\/p>\n","protected":false},"excerpt":{"rendered":"<p>PLOUAY Adulte &#8211; Familles Rurales &#8211; tous niveaux &#8211; Jeudi soir Retrouvez moi en cours sur Plouay dans les locaux de l&rsquo;association Familles Rurales. Inscription \u00e0 l&rsquo;ann\u00e9e avec 5 s\u00e9ances de 2h par trimestre (15 s\u00e9ances par an soit 30 heures de cours de couture). Cours limit\u00e9 \u00e0 7 personnes. De 19h15 \u00e0 21h15 Plus &hellip; <\/p>\n","protected":false},"author":1,"featured_media":0,"parent":0,"menu_order":0,"comment_status":"closed","ping_status":"closed","template":"","meta":{"footnotes":""},"class_list":["post-150","page","type-page","status-publish","hentry"],"yoast_head":"<!-- This site is optimized with the Yoast SEO plugin v27.4 - https:\/\/yoast.com\/product\/yoast-seo-wordpress\/ -->\n<title>Cours en association - Cours de couture dans le Morbihan<\/title>\n<meta name=\"robots\" content=\"index, follow, max-snippet:-1, max-image-preview:large, max-video-preview:-1\" \/>\n<link rel=\"canonical\" href=\"https:\/\/lesepinglees.fr\/index.php\/cours-en-association\/\" \/>\n<meta property=\"og:locale\" content=\"fr_FR\" \/>\n<meta property=\"og:type\" content=\"article\" \/>\n<meta property=\"og:title\" content=\"Cours en association - Cours de couture dans le Morbihan\" \/>\n<meta property=\"og:description\" content=\"PLOUAY Adulte &#8211; Familles Rurales &#8211; tous niveaux &#8211; Jeudi soir Retrouvez moi en cours sur Plouay dans les locaux de l&rsquo;association Familles Rurales. Inscription \u00e0 l&rsquo;ann\u00e9e avec 5 s\u00e9ances de 2h par trimestre (15 s\u00e9ances par an soit 30 heures de cours de couture). Cours limit\u00e9 \u00e0 7 personnes. De 19h15 \u00e0 21h15 Plus &hellip;\" \/>\n<meta property=\"og:url\" content=\"https:\/\/lesepinglees.fr\/index.php\/cours-en-association\/\" \/>\n<meta property=\"og:site_name\" content=\"Cours de couture dans le Morbihan\" \/>\n<meta property=\"article:modified_time\" content=\"2024-12-09T15:37:44+00:00\" \/>\n<meta property=\"og:image\" content=\"http:\/\/lesepinglees.fr\/wp-content\/uploads\/2022\/08\/Ligne-pointille.png\" \/>\n<meta name=\"twitter:card\" content=\"summary_large_image\" \/>\n<meta name=\"twitter:label1\" content=\"Dur\u00e9e de lecture estim\u00e9e\" \/>\n\t<meta name=\"twitter:data1\" content=\"2 minutes\" \/>\n<script type=\"application\/ld+json\" class=\"yoast-schema-graph\">{\"@context\":\"https:\\\/\\\/schema.org\",\"@graph\":[{\"@type\":\"WebPage\",\"@id\":\"https:\\\/\\\/lesepinglees.fr\\\/index.php\\\/cours-en-association\\\/\",\"url\":\"https:\\\/\\\/lesepinglees.fr\\\/index.php\\\/cours-en-association\\\/\",\"name\":\"Cours en association - Cours de couture dans le Morbihan\",\"isPartOf\":{\"@id\":\"https:\\\/\\\/lesepinglees.fr\\\/#website\"},\"primaryImageOfPage\":{\"@id\":\"https:\\\/\\\/lesepinglees.fr\\\/index.php\\\/cours-en-association\\\/#primaryimage\"},\"image\":{\"@id\":\"https:\\\/\\\/lesepinglees.fr\\\/index.php\\\/cours-en-association\\\/#primaryimage\"},\"thumbnailUrl\":\"http:\\\/\\\/lesepinglees.fr\\\/wp-content\\\/uploads\\\/2022\\\/08\\\/Ligne-pointille.png\",\"datePublished\":\"2022-03-02T12:40:51+00:00\",\"dateModified\":\"2024-12-09T15:37:44+00:00\",\"breadcrumb\":{\"@id\":\"https:\\\/\\\/lesepinglees.fr\\\/index.php\\\/cours-en-association\\\/#breadcrumb\"},\"inLanguage\":\"fr-FR\",\"potentialAction\":[{\"@type\":\"ReadAction\",\"target\":[\"https:\\\/\\\/lesepinglees.fr\\\/index.php\\\/cours-en-association\\\/\"]}]},{\"@type\":\"ImageObject\",\"inLanguage\":\"fr-FR\",\"@id\":\"https:\\\/\\\/lesepinglees.fr\\\/index.php\\\/cours-en-association\\\/#primaryimage\",\"url\":\"http:\\\/\\\/lesepinglees.fr\\\/wp-content\\\/uploads\\\/2022\\\/08\\\/Ligne-pointille.png\",\"contentUrl\":\"http:\\\/\\\/lesepinglees.fr\\\/wp-content\\\/uploads\\\/2022\\\/08\\\/Ligne-pointille.png\"},{\"@type\":\"BreadcrumbList\",\"@id\":\"https:\\\/\\\/lesepinglees.fr\\\/index.php\\\/cours-en-association\\\/#breadcrumb\",\"itemListElement\":[{\"@type\":\"ListItem\",\"position\":1,\"name\":\"Accueil\",\"item\":\"https:\\\/\\\/lesepinglees.fr\\\/\"},{\"@type\":\"ListItem\",\"position\":2,\"name\":\"Cours en association\"}]},{\"@type\":\"WebSite\",\"@id\":\"https:\\\/\\\/lesepinglees.fr\\\/#website\",\"url\":\"https:\\\/\\\/lesepinglees.fr\\\/\",\"name\":\"Cours de couture dans le Morbihan\",\"description\":\"Coudre sans mod\u00e9ration\",\"publisher\":{\"@id\":\"https:\\\/\\\/lesepinglees.fr\\\/#organization\"},\"potentialAction\":[{\"@type\":\"SearchAction\",\"target\":{\"@type\":\"EntryPoint\",\"urlTemplate\":\"https:\\\/\\\/lesepinglees.fr\\\/?s={search_term_string}\"},\"query-input\":{\"@type\":\"PropertyValueSpecification\",\"valueRequired\":true,\"valueName\":\"search_term_string\"}}],\"inLanguage\":\"fr-FR\"},{\"@type\":\"Organization\",\"@id\":\"https:\\\/\\\/lesepinglees.fr\\\/#organization\",\"name\":\"Cours de couture dans le Morbihan\",\"url\":\"https:\\\/\\\/lesepinglees.fr\\\/\",\"logo\":{\"@type\":\"ImageObject\",\"inLanguage\":\"fr-FR\",\"@id\":\"https:\\\/\\\/lesepinglees.fr\\\/#\\\/schema\\\/logo\\\/image\\\/\",\"url\":\"https:\\\/\\\/lesepinglees.fr\\\/wp-content\\\/uploads\\\/2022\\\/08\\\/cropped-cropped-Logo-Les-Epinglees-2.png\",\"contentUrl\":\"https:\\\/\\\/lesepinglees.fr\\\/wp-content\\\/uploads\\\/2022\\\/08\\\/cropped-cropped-Logo-Les-Epinglees-2.png\",\"width\":931,\"height\":333,\"caption\":\"Cours de couture dans le Morbihan\"},\"image\":{\"@id\":\"https:\\\/\\\/lesepinglees.fr\\\/#\\\/schema\\\/logo\\\/image\\\/\"}}]}<\/script>\n<!-- \/ Yoast SEO plugin. -->","yoast_head_json":{"title":"Cours en association - Cours de couture dans le Morbihan","robots":{"index":"index","follow":"follow","max-snippet":"max-snippet:-1","max-image-preview":"max-image-preview:large","max-video-preview":"max-video-preview:-1"},"canonical":"https:\/\/lesepinglees.fr\/index.php\/cours-en-association\/","og_locale":"fr_FR","og_type":"article","og_title":"Cours en association - Cours de couture dans le Morbihan","og_description":"PLOUAY Adulte &#8211; Familles Rurales &#8211; tous niveaux &#8211; Jeudi soir Retrouvez moi en cours sur Plouay dans les locaux de l&rsquo;association Familles Rurales. Inscription \u00e0 l&rsquo;ann\u00e9e avec 5 s\u00e9ances de 2h par trimestre (15 s\u00e9ances par an soit 30 heures de cours de couture). Cours limit\u00e9 \u00e0 7 personnes. De 19h15 \u00e0 21h15 Plus &hellip;","og_url":"https:\/\/lesepinglees.fr\/index.php\/cours-en-association\/","og_site_name":"Cours de couture dans le Morbihan","article_modified_time":"2024-12-09T15:37:44+00:00","og_image":[{"url":"http:\/\/lesepinglees.fr\/wp-content\/uploads\/2022\/08\/Ligne-pointille.png","type":"","width":"","height":""}],"twitter_card":"summary_large_image","twitter_misc":{"Dur\u00e9e de lecture estim\u00e9e":"2 minutes"},"schema":{"@context":"https:\/\/schema.org","@graph":[{"@type":"WebPage","@id":"https:\/\/lesepinglees.fr\/index.php\/cours-en-association\/","url":"https:\/\/lesepinglees.fr\/index.php\/cours-en-association\/","name":"Cours en association - Cours de couture dans le Morbihan","isPartOf":{"@id":"https:\/\/lesepinglees.fr\/#website"},"primaryImageOfPage":{"@id":"https:\/\/lesepinglees.fr\/index.php\/cours-en-association\/#primaryimage"},"image":{"@id":"https:\/\/lesepinglees.fr\/index.php\/cours-en-association\/#primaryimage"},"thumbnailUrl":"http:\/\/lesepinglees.fr\/wp-content\/uploads\/2022\/08\/Ligne-pointille.png","datePublished":"2022-03-02T12:40:51+00:00","dateModified":"2024-12-09T15:37:44+00:00","breadcrumb":{"@id":"https:\/\/lesepinglees.fr\/index.php\/cours-en-association\/#breadcrumb"},"inLanguage":"fr-FR","potentialAction":[{"@type":"ReadAction","target":["https:\/\/lesepinglees.fr\/index.php\/cours-en-association\/"]}]},{"@type":"ImageObject","inLanguage":"fr-FR","@id":"https:\/\/lesepinglees.fr\/index.php\/cours-en-association\/#primaryimage","url":"http:\/\/lesepinglees.fr\/wp-content\/uploads\/2022\/08\/Ligne-pointille.png","contentUrl":"http:\/\/lesepinglees.fr\/wp-content\/uploads\/2022\/08\/Ligne-pointille.png"},{"@type":"BreadcrumbList","@id":"https:\/\/lesepinglees.fr\/index.php\/cours-en-association\/#breadcrumb","itemListElement":[{"@type":"ListItem","position":1,"name":"Accueil","item":"https:\/\/lesepinglees.fr\/"},{"@type":"ListItem","position":2,"name":"Cours en association"}]},{"@type":"WebSite","@id":"https:\/\/lesepinglees.fr\/#website","url":"https:\/\/lesepinglees.fr\/","name":"Cours de couture dans le Morbihan","description":"Coudre sans mod\u00e9ration","publisher":{"@id":"https:\/\/lesepinglees.fr\/#organization"},"potentialAction":[{"@type":"SearchAction","target":{"@type":"EntryPoint","urlTemplate":"https:\/\/lesepinglees.fr\/?s={search_term_string}"},"query-input":{"@type":"PropertyValueSpecification","valueRequired":true,"valueName":"search_term_string"}}],"inLanguage":"fr-FR"},{"@type":"Organization","@id":"https:\/\/lesepinglees.fr\/#organization","name":"Cours de couture dans le Morbihan","url":"https:\/\/lesepinglees.fr\/","logo":{"@type":"ImageObject","inLanguage":"fr-FR","@id":"https:\/\/lesepinglees.fr\/#\/schema\/logo\/image\/","url":"https:\/\/lesepinglees.fr\/wp-content\/uploads\/2022\/08\/cropped-cropped-Logo-Les-Epinglees-2.png","contentUrl":"https:\/\/lesepinglees.fr\/wp-content\/uploads\/2022\/08\/cropped-cropped-Logo-Les-Epinglees-2.png","width":931,"height":333,"caption":"Cours de couture dans le Morbihan"},"image":{"@id":"https:\/\/lesepinglees.fr\/#\/schema\/logo\/image\/"}}]}},"_links":{"self":[{"href":"https:\/\/lesepinglees.fr\/index.php\/wp-json\/wp\/v2\/pages\/150","targetHints":{"allow":["GET"]}}],"collection":[{"href":"https:\/\/lesepinglees.fr\/index.php\/wp-json\/wp\/v2\/pages"}],"about":[{"href":"https:\/\/lesepinglees.fr\/index.php\/wp-json\/wp\/v2\/types\/page"}],"author":[{"embeddable":true,"href":"https:\/\/lesepinglees.fr\/index.php\/wp-json\/wp\/v2\/users\/1"}],"replies":[{"embeddable":true,"href":"https:\/\/lesepinglees.fr\/index.php\/wp-json\/wp\/v2\/comments?post=150"}],"version-history":[{"count":10,"href":"https:\/\/lesepinglees.fr\/index.php\/wp-json\/wp\/v2\/pages\/150\/revisions"}],"predecessor-version":[{"id":1233,"href":"https:\/\/lesepinglees.fr\/index.php\/wp-json\/wp\/v2\/pages\/150\/revisions\/1233"}],"wp:attachment":[{"href":"https:\/\/lesepinglees.fr\/index.php\/wp-json\/wp\/v2\/media?parent=150"}],"curies":[{"name":"wp","href":"https:\/\/api.w.org\/{rel}","templated":true}]}}