{"id":1068,"date":"2024-05-27T18:55:46","date_gmt":"2024-05-27T16:55:46","guid":{"rendered":"https:\/\/lesepinglees.fr\/?page_id=1068"},"modified":"2025-10-04T07:09:51","modified_gmt":"2025-10-04T05:09:51","slug":"agenda-2","status":"publish","type":"page","link":"https:\/\/lesepinglees.fr\/index.php\/agenda-2\/","title":{"rendered":"Agenda 2025-2026"},"content":{"rendered":"\n<p class=\"has-text-align-center\"><a href=\"https:\/\/lesepinglees.fr\/index.php\/atelier-le-plat-du-jour\/\">Plat du jour<\/a><\/p>\n\n\n\n<p>Le programme :<\/p>\n\n\n\n<figure class=\"wp-block-table\"><table class=\"has-fixed-layout\"><tbody><tr><td><strong>Novembre <\/strong>: R\u00e9alisation d&rsquo;un pull encolure bateau &#8211; Le Confortable de MLM Patron<\/td><td>Samedi 8 novembre 2025<\/td><\/tr><tr><td><strong><strong>D\u00e9cembre <\/strong><\/strong>: R\u00e9alisation d&rsquo;un T-shirt col montant &#8211; Le T-shirt du livre Dressed<\/td><td>Samedi 6 d\u00e9cembre 2025<\/td><\/tr><tr><td><strong><strong>Janvier <\/strong><\/strong>: R\u00e9alisation d&rsquo;un sac de transport pour machine \u00e0 coudre<\/td><td>Samedi 10 janvier 2026<\/td><\/tr><tr><td><strong><strong>F\u00e9vrier <\/strong><\/strong>: R\u00e9alisation d&rsquo;un sac de voyage (taille compatible avion)<\/td><td>Samedi 7 f\u00e9vrier 2026<\/td><\/tr><tr><td><strong><strong>Mars <\/strong><\/strong>: R\u00e9alisation d&rsquo;une jupe longue taille \u00e9lastiqu\u00e9e &#8211; Jupe longue du livre Dressed<\/td><td>Samedi 7 mars 2026<\/td><\/tr><tr><td><strong>Avril <\/strong>: R\u00e9alisation d&rsquo;une blouse manche courte &#8211; Trop Top d&rsquo;Ivanne S<\/td><td>Samedi 4 avril 2026<\/td><\/tr><tr><td><strong>Juin <\/strong>: R\u00e9alisation d&rsquo;un short taille \u00e9lastiqu\u00e9e &#8211; Tomy de Clematisse Pattern<\/td><td>Samedi 6 juin 2026<\/td><\/tr><\/tbody><\/table><\/figure>\n\n\n<div class=\"wp-block-image\">\n<figure class=\"aligncenter size-full\"><img loading=\"lazy\" decoding=\"async\" width=\"390\" height=\"4\" src=\"https:\/\/lesepinglees.fr\/wp-content\/uploads\/2022\/08\/Ligne-pointille.png\" alt=\"\" class=\"wp-image-638\" srcset=\"https:\/\/lesepinglees.fr\/wp-content\/uploads\/2022\/08\/Ligne-pointille.png 390w, https:\/\/lesepinglees.fr\/wp-content\/uploads\/2022\/08\/Ligne-pointille-300x3.png 300w, https:\/\/lesepinglees.fr\/wp-content\/uploads\/2022\/08\/Ligne-pointille-330x4.png 330w, https:\/\/lesepinglees.fr\/wp-content\/uploads\/2022\/08\/Ligne-pointille-280x4.png 280w, https:\/\/lesepinglees.fr\/wp-content\/uploads\/2022\/08\/Ligne-pointille-370x4.png 370w\" sizes=\"auto, (max-width: 390px) 100vw, 390px\" \/><\/figure><\/div>\n\n\n<div style=\"height:67px\" aria-hidden=\"true\" class=\"wp-block-spacer\"><\/div>\n\n\n\n<p class=\"has-text-align-center\"><em>Cours collectif \u00ab\u00a0<a href=\"https:\/\/lesepinglees.fr\/index.php\/cours-le-cinq-etoiles\/\">Le Cinq Etoiles<\/a>\u00ab\u00a0<\/em><\/p>\n\n\n\n<p><\/p>\n\n\n\n<figure class=\"wp-block-table\"><table class=\"has-fixed-layout\"><tbody><tr><td>Date<\/td><td>Lundi <strong>APRES MIDI<\/strong><\/td><td>Mardi&nbsp;<strong>APRES MIDI<\/strong><\/td><td>Mardi&nbsp;<strong>SOIR<\/strong>&nbsp;\u2013 Gr 1<\/td><td>Mardi&nbsp;<strong>SOIR<\/strong>&nbsp;\u2013 Gr 2<\/td><td>Jeudi&nbsp;<strong>APRES MIDI<\/strong>&nbsp;:<\/td><\/tr><tr><td>1er Trimestre<\/td><td>6\/10, 13\/10 3\/11, 17\/11 1\/12, 15\/12<\/td><td>7\/10, 14\/10 4\/11, 18\/11 2\/12, 16\/12<\/td><td>9\/09, 7\/10 21\/10, 11\/11 25\/11, 9\/12<\/td><td>30\/09, 14\/10 4\/11, 18\/11 2\/12, 16\/12<\/td><td>9\/10, 16\/10 6\/11, 20\/11 4\/12, 18\/12<\/td><\/tr><tr><td>2eme Trimestre<\/td><td>5\/01, 19\/01 2\/02, 9\/02 2\/03, 16\/03<\/td><td>6\/01, 20\/01 3\/02, 10\/02 3\/03, 17\/03<\/td><td>6\/01, 20\/01 3\/02, 17\/02 10\/03, 24\/03<\/td><td>13\/01, 27\/01 10\/02, 3\/03 17\/03, 31\/03<\/td><td>8\/01, 22\/01 5\/02, 12\/02 5\/03, 19\/03<\/td><\/tr><tr><td>3eme Trimestre<\/td><td>30\/03, 27\/04 11\/05, 18\/05 8\/06, 22\/06<\/td><td>7\/04, 28\/04 12\/05, 26\/05 9\/06, 23\/06<\/td><td>7\/04, 28\/04 12\/05, 26\/05 9\/06, 23\/06<\/td><td>14\/04, 05\/05 19\/05, 2\/06 16\/06, 30\/06<\/td><td>9\/04, 30\/04 21\/05, 28\/05 11\/06, 25\/06<\/td><\/tr><\/tbody><\/table><\/figure>\n\n\n<div class=\"wp-block-image\">\n<figure class=\"aligncenter size-full\"><img loading=\"lazy\" decoding=\"async\" width=\"390\" height=\"4\" src=\"https:\/\/lesepinglees.fr\/wp-content\/uploads\/2022\/08\/Ligne-pointille.png\" alt=\"\" class=\"wp-image-638\" srcset=\"https:\/\/lesepinglees.fr\/wp-content\/uploads\/2022\/08\/Ligne-pointille.png 390w, https:\/\/lesepinglees.fr\/wp-content\/uploads\/2022\/08\/Ligne-pointille-300x3.png 300w, https:\/\/lesepinglees.fr\/wp-content\/uploads\/2022\/08\/Ligne-pointille-330x4.png 330w, https:\/\/lesepinglees.fr\/wp-content\/uploads\/2022\/08\/Ligne-pointille-280x4.png 280w, https:\/\/lesepinglees.fr\/wp-content\/uploads\/2022\/08\/Ligne-pointille-370x4.png 370w\" sizes=\"auto, (max-width: 390px) 100vw, 390px\" \/><\/figure><\/div>\n\n\n<div style=\"height:67px\" aria-hidden=\"true\" class=\"wp-block-spacer\"><\/div>\n\n\n\n<p class=\"has-text-align-center\"><em>Cours \u00ab\u00a0<a href=\"https:\/\/lesepinglees.fr\/index.php\/cours-enfant-ado\/\">Le P&rsquo;tit Chef<\/a>\u00ab\u00a0<\/em><\/p>\n\n\n\n<p><\/p>\n\n\n\n<p><\/p>\n\n\n\n<figure class=\"wp-block-table\"><table class=\"has-fixed-layout\"><tbody><tr><td>Date<\/td><td>Mercredi Apr\u00e8s-midi \u2013 Gr 1<\/td><td>Mercredi Apr\u00e8s-midi \u2013 Gr 2<\/td><\/tr><tr><td>1er Trimestre<\/td><td>1 Octobre <br>5 Novembre<br> 3 D\u00e9cembre<\/td><td>8 Octobre <br>12 Novembre <br>10 D\u00e9cembre<\/td><\/tr><tr><td>2eme Trimestre<\/td><td>7 Janvier <br>4 F\u00e9vrier <br>4 Mars<\/td><td>14 Janvier <br>11 F\u00e9vrier <br>11 Mars<\/td><\/tr><tr><td>3eme Trimestre<\/td><td>1 Avril <br>6 Mai <br>3 Juin<\/td><td>8 Avril <br>13 Mai <br>10 Juin<\/td><\/tr><\/tbody><\/table><\/figure>\n\n\n<div class=\"wp-block-image\">\n<figure class=\"aligncenter size-full\"><img loading=\"lazy\" decoding=\"async\" width=\"390\" height=\"4\" src=\"https:\/\/lesepinglees.fr\/wp-content\/uploads\/2022\/08\/Ligne-pointille.png\" alt=\"\" class=\"wp-image-638\" srcset=\"https:\/\/lesepinglees.fr\/wp-content\/uploads\/2022\/08\/Ligne-pointille.png 390w, https:\/\/lesepinglees.fr\/wp-content\/uploads\/2022\/08\/Ligne-pointille-300x3.png 300w, https:\/\/lesepinglees.fr\/wp-content\/uploads\/2022\/08\/Ligne-pointille-330x4.png 330w, https:\/\/lesepinglees.fr\/wp-content\/uploads\/2022\/08\/Ligne-pointille-280x4.png 280w, https:\/\/lesepinglees.fr\/wp-content\/uploads\/2022\/08\/Ligne-pointille-370x4.png 370w\" sizes=\"auto, (max-width: 390px) 100vw, 390px\" \/><\/figure><\/div>\n\n\n<div style=\"height:67px\" aria-hidden=\"true\" class=\"wp-block-spacer\"><\/div>\n\n\n\n<p class=\"has-text-align-center\"><em>Cours en association \u00e0 <a href=\"https:\/\/lesepinglees.fr\/index.php\/cours-en-association\/\">Plouay<\/a><\/em><\/p>\n\n\n\n<p><\/p>\n\n\n\n<figure class=\"wp-block-table\"><table class=\"has-fixed-layout\"><tbody><tr><td><strong>1er trimestre<\/strong><\/td><td><strong>2e trimestre<\/strong><\/td><td><strong>3e trimestre<\/strong><\/td><\/tr><tr><td>9 octobre<\/td><td>15 janvier<\/td><td>9 avril<\/td><\/tr><tr><td>6 novembre<\/td><td>29 janvier<\/td><td>7 mai<\/td><\/tr><tr><td>20 novembre<\/td><td>12 f\u00e9vrier<\/td><td>28 mai<\/td><\/tr><tr><td>4 d\u00e9cembre<\/td><td>12 mars<\/td><td>11 juin<\/td><\/tr><tr><td>18 d\u00e9cembre<\/td><td>26 mars<\/td><td>25 juin<\/td><\/tr><\/tbody><\/table><\/figure>\n\n\n<div class=\"wp-block-image\">\n<figure class=\"aligncenter size-full\"><img loading=\"lazy\" decoding=\"async\" width=\"390\" height=\"4\" src=\"https:\/\/lesepinglees.fr\/wp-content\/uploads\/2022\/08\/Ligne-pointille.png\" alt=\"\" class=\"wp-image-638\" srcset=\"https:\/\/lesepinglees.fr\/wp-content\/uploads\/2022\/08\/Ligne-pointille.png 390w, https:\/\/lesepinglees.fr\/wp-content\/uploads\/2022\/08\/Ligne-pointille-300x3.png 300w, https:\/\/lesepinglees.fr\/wp-content\/uploads\/2022\/08\/Ligne-pointille-330x4.png 330w, https:\/\/lesepinglees.fr\/wp-content\/uploads\/2022\/08\/Ligne-pointille-280x4.png 280w, https:\/\/lesepinglees.fr\/wp-content\/uploads\/2022\/08\/Ligne-pointille-370x4.png 370w\" sizes=\"auto, (max-width: 390px) 100vw, 390px\" \/><\/figure><\/div>\n\n\n<div style=\"height:67px\" aria-hidden=\"true\" class=\"wp-block-spacer\"><\/div>\n\n\n\n<p class=\"has-text-align-center\">Cours en association \u00e0 <a href=\"https:\/\/lesepinglees.fr\/index.php\/cours-en-association\/\">Larmor Plage<\/a><\/p>\n\n\n\n<p><\/p>\n\n\n\n<p><\/p>\n\n\n\n<figure class=\"wp-block-table\"><table class=\"has-fixed-layout\"><tbody><tr><td><strong>1er trimestre<\/strong><\/td><td><strong>2e trimestre<\/strong><\/td><td><strong>3e trimestre<\/strong><\/td><\/tr><tr><td>2 octobre<\/td><td>8 janvier<\/td><td>2 avril<\/td><\/tr><tr><td>16 octobre<\/td><td>22 janvier<\/td><td>30 avril<\/td><\/tr><tr><td>13 novembre<\/td><td>5 f\u00e9vrier<\/td><td>21 mai<\/td><\/tr><tr><td>27 novembre<\/td><td>5 mars<\/td><td>4 juin<\/td><\/tr><tr><td>11 d\u00e9cembre<\/td><td>19 mars<\/td><td>18 juin<\/td><\/tr><\/tbody><\/table><\/figure>\n\n\n\n<p><\/p>\n","protected":false},"excerpt":{"rendered":"<p>Plat du jour Le programme : Novembre : R\u00e9alisation d&rsquo;un pull encolure bateau &#8211; Le Confortable de MLM Patron Samedi 8 novembre 2025 D\u00e9cembre : R\u00e9alisation d&rsquo;un T-shirt col montant &#8211; Le T-shirt du livre Dressed Samedi 6 d\u00e9cembre 2025 Janvier : R\u00e9alisation d&rsquo;un sac de transport pour machine \u00e0 coudre Samedi 10 janvier 2026 &hellip; <\/p>\n","protected":false},"author":1,"featured_media":0,"parent":0,"menu_order":0,"comment_status":"closed","ping_status":"closed","template":"","meta":{"footnotes":""},"class_list":["post-1068","page","type-page","status-publish","hentry"],"yoast_head":"<!-- This site is optimized with the Yoast SEO plugin v27.4 - https:\/\/yoast.com\/product\/yoast-seo-wordpress\/ -->\n<title>Agenda 2025-2026 - Cours de couture dans le Morbihan<\/title>\n<meta name=\"robots\" content=\"index, follow, max-snippet:-1, max-image-preview:large, max-video-preview:-1\" \/>\n<link rel=\"canonical\" href=\"https:\/\/lesepinglees.fr\/index.php\/agenda-2\/\" \/>\n<meta property=\"og:locale\" content=\"fr_FR\" \/>\n<meta property=\"og:type\" content=\"article\" \/>\n<meta property=\"og:title\" content=\"Agenda 2025-2026 - Cours de couture dans le Morbihan\" \/>\n<meta property=\"og:description\" content=\"Plat du jour Le programme : Novembre : R\u00e9alisation d&rsquo;un pull encolure bateau &#8211; Le Confortable de MLM Patron Samedi 8 novembre 2025 D\u00e9cembre : R\u00e9alisation d&rsquo;un T-shirt col montant &#8211; Le T-shirt du livre Dressed Samedi 6 d\u00e9cembre 2025 Janvier : R\u00e9alisation d&rsquo;un sac de transport pour machine \u00e0 coudre Samedi 10 janvier 2026 &hellip;\" \/>\n<meta property=\"og:url\" content=\"https:\/\/lesepinglees.fr\/index.php\/agenda-2\/\" \/>\n<meta property=\"og:site_name\" content=\"Cours de couture dans le Morbihan\" \/>\n<meta property=\"article:modified_time\" content=\"2025-10-04T05:09:51+00:00\" \/>\n<meta property=\"og:image\" content=\"http:\/\/lesepinglees.fr\/wp-content\/uploads\/2022\/08\/Ligne-pointille.png\" \/>\n<meta name=\"twitter:card\" content=\"summary_large_image\" \/>\n<meta name=\"twitter:label1\" content=\"Dur\u00e9e de lecture estim\u00e9e\" \/>\n\t<meta name=\"twitter:data1\" content=\"3 minutes\" \/>\n<script type=\"application\/ld+json\" class=\"yoast-schema-graph\">{\"@context\":\"https:\\\/\\\/schema.org\",\"@graph\":[{\"@type\":\"WebPage\",\"@id\":\"https:\\\/\\\/lesepinglees.fr\\\/index.php\\\/agenda-2\\\/\",\"url\":\"https:\\\/\\\/lesepinglees.fr\\\/index.php\\\/agenda-2\\\/\",\"name\":\"Agenda 2025-2026 - Cours de couture dans le Morbihan\",\"isPartOf\":{\"@id\":\"https:\\\/\\\/lesepinglees.fr\\\/#website\"},\"primaryImageOfPage\":{\"@id\":\"https:\\\/\\\/lesepinglees.fr\\\/index.php\\\/agenda-2\\\/#primaryimage\"},\"image\":{\"@id\":\"https:\\\/\\\/lesepinglees.fr\\\/index.php\\\/agenda-2\\\/#primaryimage\"},\"thumbnailUrl\":\"http:\\\/\\\/lesepinglees.fr\\\/wp-content\\\/uploads\\\/2022\\\/08\\\/Ligne-pointille.png\",\"datePublished\":\"2024-05-27T16:55:46+00:00\",\"dateModified\":\"2025-10-04T05:09:51+00:00\",\"breadcrumb\":{\"@id\":\"https:\\\/\\\/lesepinglees.fr\\\/index.php\\\/agenda-2\\\/#breadcrumb\"},\"inLanguage\":\"fr-FR\",\"potentialAction\":[{\"@type\":\"ReadAction\",\"target\":[\"https:\\\/\\\/lesepinglees.fr\\\/index.php\\\/agenda-2\\\/\"]}]},{\"@type\":\"ImageObject\",\"inLanguage\":\"fr-FR\",\"@id\":\"https:\\\/\\\/lesepinglees.fr\\\/index.php\\\/agenda-2\\\/#primaryimage\",\"url\":\"http:\\\/\\\/lesepinglees.fr\\\/wp-content\\\/uploads\\\/2022\\\/08\\\/Ligne-pointille.png\",\"contentUrl\":\"http:\\\/\\\/lesepinglees.fr\\\/wp-content\\\/uploads\\\/2022\\\/08\\\/Ligne-pointille.png\"},{\"@type\":\"BreadcrumbList\",\"@id\":\"https:\\\/\\\/lesepinglees.fr\\\/index.php\\\/agenda-2\\\/#breadcrumb\",\"itemListElement\":[{\"@type\":\"ListItem\",\"position\":1,\"name\":\"Accueil\",\"item\":\"https:\\\/\\\/lesepinglees.fr\\\/\"},{\"@type\":\"ListItem\",\"position\":2,\"name\":\"Agenda 2025-2026\"}]},{\"@type\":\"WebSite\",\"@id\":\"https:\\\/\\\/lesepinglees.fr\\\/#website\",\"url\":\"https:\\\/\\\/lesepinglees.fr\\\/\",\"name\":\"Cours de couture dans le Morbihan\",\"description\":\"Coudre sans mod\u00e9ration\",\"publisher\":{\"@id\":\"https:\\\/\\\/lesepinglees.fr\\\/#organization\"},\"potentialAction\":[{\"@type\":\"SearchAction\",\"target\":{\"@type\":\"EntryPoint\",\"urlTemplate\":\"https:\\\/\\\/lesepinglees.fr\\\/?s={search_term_string}\"},\"query-input\":{\"@type\":\"PropertyValueSpecification\",\"valueRequired\":true,\"valueName\":\"search_term_string\"}}],\"inLanguage\":\"fr-FR\"},{\"@type\":\"Organization\",\"@id\":\"https:\\\/\\\/lesepinglees.fr\\\/#organization\",\"name\":\"Cours de couture dans le Morbihan\",\"url\":\"https:\\\/\\\/lesepinglees.fr\\\/\",\"logo\":{\"@type\":\"ImageObject\",\"inLanguage\":\"fr-FR\",\"@id\":\"https:\\\/\\\/lesepinglees.fr\\\/#\\\/schema\\\/logo\\\/image\\\/\",\"url\":\"https:\\\/\\\/lesepinglees.fr\\\/wp-content\\\/uploads\\\/2022\\\/08\\\/cropped-cropped-Logo-Les-Epinglees-2.png\",\"contentUrl\":\"https:\\\/\\\/lesepinglees.fr\\\/wp-content\\\/uploads\\\/2022\\\/08\\\/cropped-cropped-Logo-Les-Epinglees-2.png\",\"width\":931,\"height\":333,\"caption\":\"Cours de couture dans le Morbihan\"},\"image\":{\"@id\":\"https:\\\/\\\/lesepinglees.fr\\\/#\\\/schema\\\/logo\\\/image\\\/\"}}]}<\/script>\n<!-- \/ Yoast SEO plugin. -->","yoast_head_json":{"title":"Agenda 2025-2026 - Cours de couture dans le Morbihan","robots":{"index":"index","follow":"follow","max-snippet":"max-snippet:-1","max-image-preview":"max-image-preview:large","max-video-preview":"max-video-preview:-1"},"canonical":"https:\/\/lesepinglees.fr\/index.php\/agenda-2\/","og_locale":"fr_FR","og_type":"article","og_title":"Agenda 2025-2026 - Cours de couture dans le Morbihan","og_description":"Plat du jour Le programme : Novembre : R\u00e9alisation d&rsquo;un pull encolure bateau &#8211; Le Confortable de MLM Patron Samedi 8 novembre 2025 D\u00e9cembre : R\u00e9alisation d&rsquo;un T-shirt col montant &#8211; Le T-shirt du livre Dressed Samedi 6 d\u00e9cembre 2025 Janvier : R\u00e9alisation d&rsquo;un sac de transport pour machine \u00e0 coudre Samedi 10 janvier 2026 &hellip;","og_url":"https:\/\/lesepinglees.fr\/index.php\/agenda-2\/","og_site_name":"Cours de couture dans le Morbihan","article_modified_time":"2025-10-04T05:09:51+00:00","og_image":[{"url":"http:\/\/lesepinglees.fr\/wp-content\/uploads\/2022\/08\/Ligne-pointille.png","type":"","width":"","height":""}],"twitter_card":"summary_large_image","twitter_misc":{"Dur\u00e9e de lecture estim\u00e9e":"3 minutes"},"schema":{"@context":"https:\/\/schema.org","@graph":[{"@type":"WebPage","@id":"https:\/\/lesepinglees.fr\/index.php\/agenda-2\/","url":"https:\/\/lesepinglees.fr\/index.php\/agenda-2\/","name":"Agenda 2025-2026 - Cours de couture dans le Morbihan","isPartOf":{"@id":"https:\/\/lesepinglees.fr\/#website"},"primaryImageOfPage":{"@id":"https:\/\/lesepinglees.fr\/index.php\/agenda-2\/#primaryimage"},"image":{"@id":"https:\/\/lesepinglees.fr\/index.php\/agenda-2\/#primaryimage"},"thumbnailUrl":"http:\/\/lesepinglees.fr\/wp-content\/uploads\/2022\/08\/Ligne-pointille.png","datePublished":"2024-05-27T16:55:46+00:00","dateModified":"2025-10-04T05:09:51+00:00","breadcrumb":{"@id":"https:\/\/lesepinglees.fr\/index.php\/agenda-2\/#breadcrumb"},"inLanguage":"fr-FR","potentialAction":[{"@type":"ReadAction","target":["https:\/\/lesepinglees.fr\/index.php\/agenda-2\/"]}]},{"@type":"ImageObject","inLanguage":"fr-FR","@id":"https:\/\/lesepinglees.fr\/index.php\/agenda-2\/#primaryimage","url":"http:\/\/lesepinglees.fr\/wp-content\/uploads\/2022\/08\/Ligne-pointille.png","contentUrl":"http:\/\/lesepinglees.fr\/wp-content\/uploads\/2022\/08\/Ligne-pointille.png"},{"@type":"BreadcrumbList","@id":"https:\/\/lesepinglees.fr\/index.php\/agenda-2\/#breadcrumb","itemListElement":[{"@type":"ListItem","position":1,"name":"Accueil","item":"https:\/\/lesepinglees.fr\/"},{"@type":"ListItem","position":2,"name":"Agenda 2025-2026"}]},{"@type":"WebSite","@id":"https:\/\/lesepinglees.fr\/#website","url":"https:\/\/lesepinglees.fr\/","name":"Cours de couture dans le Morbihan","description":"Coudre sans mod\u00e9ration","publisher":{"@id":"https:\/\/lesepinglees.fr\/#organization"},"potentialAction":[{"@type":"SearchAction","target":{"@type":"EntryPoint","urlTemplate":"https:\/\/lesepinglees.fr\/?s={search_term_string}"},"query-input":{"@type":"PropertyValueSpecification","valueRequired":true,"valueName":"search_term_string"}}],"inLanguage":"fr-FR"},{"@type":"Organization","@id":"https:\/\/lesepinglees.fr\/#organization","name":"Cours de couture dans le Morbihan","url":"https:\/\/lesepinglees.fr\/","logo":{"@type":"ImageObject","inLanguage":"fr-FR","@id":"https:\/\/lesepinglees.fr\/#\/schema\/logo\/image\/","url":"https:\/\/lesepinglees.fr\/wp-content\/uploads\/2022\/08\/cropped-cropped-Logo-Les-Epinglees-2.png","contentUrl":"https:\/\/lesepinglees.fr\/wp-content\/uploads\/2022\/08\/cropped-cropped-Logo-Les-Epinglees-2.png","width":931,"height":333,"caption":"Cours de couture dans le Morbihan"},"image":{"@id":"https:\/\/lesepinglees.fr\/#\/schema\/logo\/image\/"}}]}},"_links":{"self":[{"href":"https:\/\/lesepinglees.fr\/index.php\/wp-json\/wp\/v2\/pages\/1068","targetHints":{"allow":["GET"]}}],"collection":[{"href":"https:\/\/lesepinglees.fr\/index.php\/wp-json\/wp\/v2\/pages"}],"about":[{"href":"https:\/\/lesepinglees.fr\/index.php\/wp-json\/wp\/v2\/types\/page"}],"author":[{"embeddable":true,"href":"https:\/\/lesepinglees.fr\/index.php\/wp-json\/wp\/v2\/users\/1"}],"replies":[{"embeddable":true,"href":"https:\/\/lesepinglees.fr\/index.php\/wp-json\/wp\/v2\/comments?post=1068"}],"version-history":[{"count":23,"href":"https:\/\/lesepinglees.fr\/index.php\/wp-json\/wp\/v2\/pages\/1068\/revisions"}],"predecessor-version":[{"id":1385,"href":"https:\/\/lesepinglees.fr\/index.php\/wp-json\/wp\/v2\/pages\/1068\/revisions\/1385"}],"wp:attachment":[{"href":"https:\/\/lesepinglees.fr\/index.php\/wp-json\/wp\/v2\/media?parent=1068"}],"curies":[{"name":"wp","href":"https:\/\/api.w.org\/{rel}","templated":true}]}}